Give l(7).
10
Let z(c) = -98*c - 1581. Determine z(-17).
85
Let g(h) = -17*h + 820. Give g(47).
21
Let r(y) = -y**3 + 8*y**2 - 42*y + 455. Give r(9).
-4
Let g(p) = -p**3 + 33*p**2 - 249*p + 19. Give g(10).
-171
Let k(i) = -i**3 - 72*i**2 - 54*i + 1213. Determine k(-71).
6
Let p(c) = -c**3 + 6*c + 7. Give p(0).
7
Let t(u) = -545*u - 3838. What is t(-7)?
-23
Let j(z) = -9*z - 104. Calculate j(-19).
67
Let d(x) = x**3 + 24*x**2 + 14*x + 348. Calculate d(-24).
12
Let v(i) = i**3 - 95*i**2 + 289*i - 1105. Give v(92).
91
Let h(i) = 23*i + 76. Calculate h(-4).
-16
Let i(f) = 176*f + 4911. Calculate i(-28).
-17
Let v(w) = -43*w**2 + 388*w - 11. Determine v(9).
-2
Let h(l) = 3*l**3 - 39*l**2 + 3*l - 38. What is h(13)?
1
Let k(y) = 48*y + 603. What is k(-10)?
123
Let x(k) = 80*k**3 - 17*k + 14. Give x(1).
77
Let i(f) = -1819*f - 50930. What is i(-28)?
2
Let g(t) = 3*t**3 - 39*t + 93. Give g(5).
273
Let q(l) = -l**2 + 43*l - 464. Give q(19).
-8
Let a(d) = -2*d**2 - 65*d - 440. What is a(-8)?
-48
Let n(d) = 556*d - 2221. Determine n(4).
3
Let g(o) = -2*o**2 + 601*o - 29240. Give g(61).
-21
Let h(s) = s**3 - 14*s**2 + 11*s + 10. Calculate h(11).
-232
Let t(w) = -20*w - 1682. Calculate t(-84).
-2
Let y(u) = 889*u - 9778. Give y(11).
1
Let b(x) = -14*x**2 + 7*x + 214. Determine b(4).
18
Let x(s) = s**3 + 140*s**2 - 1338*s + 404. Give x(-149).
-43
Let z(l) = -4*l + 22. Determine z(-9).
58
Let r(g) = 2*g + 371. Determine r(-75).
221
Let v(y) = -1403*y - 123451. What is v(-88)?
13
Let u(s) = 22*s**2 - 257*s - 13. What is u(12)?
71
Let j(q) = -3*q**2 + 13*q + 131. What is j(-6)?
-55
Let s(a) = 54*a**2 - 862*a - 11. Determine s(16).
21
Let z(v) = 64*v**2 - 5*v + 12. Give z(1).
71
Let i(h) = -8*h**3 - h**2 + 26*h + 65. What is i(-4)?
457
Let o(m) = 2519*m - 2521. Calculate o(1).
-2
Let a(w) = -40*w**2 + 429*w - 23. Give a(10).
267
Let s(b) = 2*b**2 - 17*b + 13. Give s(7).
-8
Let r(j) = -38*j + 22. Calculate r(10).
-358
Let y(z) = 1904*z + 3860. Give y(-2).
52
Let j(n) = -17*n - 356. Determine j(-33).
205
Let v(n) = 1611*n + 9634. What is v(-6)?
-32
Let p(x) = x**3 - 68*x**2 + 68*x - 52. Give p(67).
15
Let p(t) = -5*t**2 + 57*t - 35. Give p(9).
73
Let m(o) = -38*o**2 + 228*o - 8. Determine m(7).
-274
Let u(h) = h**2 + 274*h - 4400. Give u(15).
-65
Let g(v) = -164*v + 56. Determine g(1).
-108
Let l(v) = -2*v**3 + 11*v**2 - 9*v - 23. What is l(6)?
-113
Let h(a) = 7*a**2 - 154*a - 58. Determine h(23).
103
Let c(l) = l**2 - 17*l - 901. Give c(-16).
-373
Let h(w) = -13*w**3 - 38*w**2 - 32*w - 98. What is h(-3)?
7
Let o(k) = -112*k - 7410. Calculate o(-66).
-18
Let o(d) = 9*d**2 - 1424*d + 1691. What is o(157)?
-36
Let m(c) = 6*c + 267. Give m(-50).
-33
Let q(y) = 761*y - 3010. Give q(4).
34
Let b(p) = -282*p - 516. Determine b(-4).
612
Let w(h) = -3*h**3 + 31*h**2 - 115*h + 1053. Give w(10).
3
Let p(x) = 159*x - 483. Determine p(3).
-6
Let y(l) = -2*l**3 - 5*l**2 + 15*l - 1. Determine y(0).
-1
Let x(w) = w**2 + 23*w - 190. What is x(7)?
20
Let z(p) = p**2 - 216*p + 2938. Determine z(15).
-77
Let m(p) = p**2 - 224*p - 2333. Give m(-10).
7
Let v(r) = r**2 - 179*r + 697. Calculate v(4).
-3
Let i(u) = u**2 - 55*u - 150. Give i(51).
-354
Let u(z) = -z**2 + 301*z - 3463. Give u(12).
5
Let i(x) = -x**3 - 24*x**2 - 54*x + 103. What is i(-21)?
-86
Let u(k) = 4*k**2 + 106*k - 5943. Give u(-54).
-3
Let c(v) = -27*v**2 - 136*v - 115. Calculate c(-4).
-3
Let d(c) = -c**2 + 192*c - 9065. Calculate d(83).
-18
Let f(c) = 16*c**2 - 286*c - 46. Determine f(18).
-10
Let o(v) = 7*v - 290. Determine o(27).
-101
Let i(n) = 157*n - 1081. What is i(7)?
18
Let g(b) = b**3 - 4*b**2 + b - 72. Calculate g(0).
-72
Let r(z) = -z**3 - 12*z**2 + 128*z + 1465. Determine r(-14).
65
Let h(t) = -t**2 + 61. Calculate h(13).
-108
Let l(n) = 54*n**3 + 2*n**2 - 16*n - 29. Give l(-2).
-421
Let r(x) = -12*x - 26. Calculate r(-2).
-2
Let z(k) = -64*k - 1662. Calculate z(-26).
2
Let z(r) = -1764*r - 10591. Calculate z(-6).
-7
Let a(i) = -6*i**2 + 158*i + 1143. Give a(-7).
-257
Let x(c) = c**3 - 23*c**2 - 17*c + 853. Give x(22).
-5
Let w(h) = -83*h**2 - 282*h - 94. What is w(-3)?
5
Let d(q) = 122*q**2 - 1118*q + 182. What is d(9)?
2
Let x(v) = 207*v - 1860. Calculate x(9).
3
Let y(t) = -3*t**2 - 85*t - 133. Give y(-25).
117
Let j(i) = -20*i**2 - 3*i - 1. Give j(0).
-1
Let a(w) = 3*w**2 - 306*w - 3700. Calculate a(-11).
29
Let g(c) = 139*c - 1090. What is g(8)?
22
Let o(i) = -69*i**2 - 199*i + 1. Calculate o(-2).
123
Let k(p) = -413*p - 1268. Calculate k(-3).
-29
Let b(y) = -14*y - 84. Give b(-10).
56
Let n(p) = -127*p + 1012. What is n(5)?
377
Let a(v) = -v**3 - 67*v**2 + 152*v + 297. Give a(-69).
-669
Let b(o) = -o**3 + 4*o**2 - 19*o + 49. What is b(3)?
1
Let x(j) = j**3 - 50*j**2 - 14. What is x(50)?
-14
Let c(d) = -d**2 - 300*d - 2413. What is c(-8)?
-77
Let w(h) = -h**3 - 239*h**2 + 731*h + 1216. What is w(-242)?
6
Let s(f) = f**3 + 10*f**2 - 39*f - 25. Give s(-7).
395
Let d(p) = -415*p - 1658. What is d(-4)?
2
Let f(i) = 659*i - 4652. Determine f(7).
-39
Let c(z) = -z**3 + 8*z**2 - 9*z - 9. What is c(4)?
19
Let u(b) = -b**3 + 18*b**2 + 1947*b - 118. Give u(54).
44
Let c(m) = -219*m + 220. What is c(1)?
1
Let o(z) = 461*z + 66. Determine o(-1).
-395
Let k(x) = -3*x**3 + x**2 + 40*x + 40. Give k(-1).
4
Let s(n) = 9*n - 41. What is s(6)?
13
Let b(j) = -5*j**2 + 1072*j + 5034. Calculate b(219).
-3
Let z(y) = 2*y**2 + 59*y - 4. Calculate z(-34).
302
Let p(s) = -5*s**2 + 52*s. Give p(8).
96
Let y(g) = -39*g**2 + g - 4. Calculate y(2).
-158
Let j(p) = -278*p + 2016. Give j(7).
70
Let g(h) = 105*h**2 + 644*h + 110. Give g(-6).
26
Let k(l) = -l**3 - 12*l**2 + 19*l + 208. Give k(-11).
-122
Let u(k) = 3*k**3 + 74*k**2 + 409*k + 14. Give u(-8).
-58
Let s(q) = 2*q**3 + 40*q**2 + 146*q + 2867. What is s(-20)?
-53
Let p(q) = 14*q**2 + 35*q - 11. Calculate p(-2).
-25
Let c(m) = -m**3 - 42*m**2 - 216*m + 13. Determine c(-36).
13
Let m(o) = -84*o + 405. Give m(5).
-15
Let u(c) = -c**3 + 49*c**2 + 44*c - 290. Give u(50).
-590
Let k(m) = m**2 + 32*m + 30. Determine k(-15).
-225
Let f(k) = -37*k**2 + 3368*k - 100. What is f(91)?
-9
Let s(f) = -f**3 + 4*f**2 - 112*f + 684. Give s(6).
-60
Let x(m) = 7*m**2 + 216*m - 25. Give x(-27).
-754
Let f(s) = s**3 + 25*s**2 - 224*s - 5. What is f(7)?
-5
Let o(f) = 3*f**2 - 115*f + 132. Determine o(38).
94
Let z(l) = -5*l**2 + 1162*l - 9403. Give z(224).
5
Let c(o) = 49*o**2 - 601*o - 482. Calculate c(13).
-14
Let o(n) = 2*n**3 + 7*n**2 + 14*n + 88. Give o(-6).
-176
Let u(t) = 58*t + 4604. Give u(-81).
-94
Let x(z) = 8*z**3 - 2*z**2 - 4*z + 3. Determine x(2).
51
Let q(h) = -71*h + 4874. What is q(69)?
-25
Let o(r) = r**3 - 6*r**2 + 10*r - 1. Give o(3).
2
Let r(x) = 2*x**3 + 73*x**2 - 201*x - 238. Calculate r(-39).
-4
Let k(y) = y**3 + 17*y**2 - 36*y + 40. Determine k(-19).
2
Let y(b) = b**3 - 187*b - 40. What is y(-15)?
-610
Let g(j) = 530*j - 30734. Calculate g(58).
6
Let i(c) = c**3 + 32*c**2 - 143*c - 1. What is i(4)?
3
Let u(p) = 33*p**2 - 151*p - 41. Calculate u(5).
29
Let n(r) = -r**3 + 8*r**2 + 34*r - 123. Calculate n(10).
17
Let i(l) = l**3 - 28*l**2 - 86*l - 120. Calculate i(31).
97
Let t(b) = 65*b + 19. Determine t(-1).
-46
Let f(w) = 273*w - 816. What is f(3)?
3
Let k(b) = -b**3 + 23*b**2 - 147*b - 39. Calculate k(17).
-804
Let x(h) = -h**3 + 55*h**2 - 4*h + 239. What is x(55)?
19
Let f(t) = -50*t + 359. Calculate f(7).
9
Let j(w) = -12*w + 456. Determine j(41).
-36
Let q(o) = -281*o + 3538. Give q(14).
-396
Let u(x) = -260*x + 2858. Give u(11).
-2
Let j(r) = r**2 + 17*r - 483. What is j(-33)?
45
Let i(c) = -2*c**2 - 100*c - 1222. Give i(-28).
10
Let q(u) = -2*u**3 - 8*u**2 - 16*u - 11. Determine q(-6).
229
Let o(p) = 25*p + 134. Give o(-6).
-16
Let h(w) = 107*w - 2287. Determine h(23).
174
Let i(z) = -z**3 - 2*z**2 - 5*z - 50. Calculate i(-6).
124
Let v(u) = -132*u + 46. Calculate v(0).
46
Let w(y) = 4*y**3 - 66*y**2 - 32*y - 20. What is w(17)?
14
Let g(r) = 108*r + 424. Calculate g(-4).
-8
Let g(v) = -v**3 + 72*v**2 - 209*v + 132. Determine g(69).
-6
Let l(r) = -12*r**2 - 40*r - 12. Give l(-9).
-624
Let u(t) = 2*t**2 + 87*t + 1. Calculate u(-39).
-350
Let d(y) = -y**2 - 1330*y - 7957. Calculate d(-6).
-13
Let o(g) = -12*g**2 + 52*g + 14. What is o(4)?
30
Let n(x) = -x**3 - 21